on divisor of 48 and s.
12
Let d(q) = q**3 - 3*q**2 + 2. Let t be d(4). Calculate the greatest common factor of t and 9.
9
Suppose -o - q - q = -12, 0 = -4*o - 3*q + 68. What is the greatest common divisor of 8 and o?
4
Let o = -26 + 71. What is the greatest common factor of 18 and o?
9
Let m(s) = 4 + s**2 - 2 - 5 + 4. Let v be m(2). Calculate the greatest common factor of v and 10.
5
Suppose -4*z + 11*m = 6*m - 146, -5*m = -10. Let q = 47 + -34. What is the highest common divisor of z and q?
13
Let z(a) = -a**2 + 12*a - 2. Let g(u) = -u. Let x(j) = -6*g(j) - z(j). Let m be x(6). Calculate the highest common divisor of 3 and m.
1
Let j(a) = -a**2 + 20*a - 61. Let z be j(15). Let q be 1*84*2/3. Calculate the greatest common factor of q and z.
14
Suppose 4*z = 3*j - 7*j + 132, j = 3*z + 21. What is the greatest common divisor of 6 and j?
6
Suppose 2*i + 5 = -5*w, 0*w + w = -i - 1. Let d be (0 - i)/((-2)/(-2)). Suppose d*z - 5*z = -250. What is the greatest common divisor of 20 and z?
10
Suppose -5*w - v + 80 = 0, -4*w = -5*v + 29 - 93. Let p = -439 + 615. What is the greatest common divisor of w and p?
16
Suppose -w = 4*w + 4*r - 184, -148 = -4*w - 4*r. Let l = w + -20. What is the greatest common factor of l and 40?
8
Suppose 0 = -0*l - 2*l + 112. What is the highest common factor of 14 and l?
14
Let a(h) = -h**3 + 8*h**2 - 4*h + 5. Let l be a(6). Suppose -6*g = -3*g - r - 49, 3*g = 2*r + l. What is the greatest common divisor of g and 105?
15
Suppose -3*z + j + 2 = 3*j, -2*j = -4*z - 2. Suppose 3*p + 483 = 5*v, 4*v - 4*p - 287 - 101 = z. What is the highest common divisor of 12 and v?
12
Let x be (-54)/(-10) + (-2)/5. Suppose 3*s + 69 = 5*v - 44, 5*v + 2*s - 133 = 0. Calculate the greatest common factor of v and x.
5
Suppose -5*f - 3*u + 38 = 0, -29 = -6*f + 2*f - u. Let i(g) = 5*g + 5. Let t be i(f). Suppose -b - 64 = -5*b. What is the highest common factor of b and t?
8
Let a be 214/4 + 2/4. Let z be (144/28)/6*42. What is the greatest common divisor of z and a?
18
Suppose -2*z = -h + 32, 57 = 2*h + 2*z + 17. What is the greatest common factor of 36 and h?
12
Let j(c) = 4 + 3*c - 5*c + 0*c - 2. Let y be j(-3). What is the highest common divisor of y and 4?
4
Suppose -1037 - 2703 = -5*p. Suppose -2*t + 6*t - p = 0. Calculate the highest common factor of 17 and t.
17
Suppose 0 = -c + 97 - 20. Let g(s) = 8*s**2 + 3 + s**3 + 6*s + 0*s - 2*s**2. Let p be g(-4). Calculate the greatest common divisor of p and c.
11
Suppose -3*x - 3*k - 5 - 1 = 0, 4*k + 8 = 2*x. Suppose -4*h + x*h = -8. What is the highest common factor of h and 16?
2
Suppose 0*h + 3*h = 4*z + 18, h = -3*z + 6. Let y be (24/(-30))/(2/(-5)). Calculate the highest common divisor of h and y.
2
Let j = 2 + 0. Suppose 5*y - 13 = -c, 3*c + y = -j*c + 17. Suppose c*k = 2*v + 3*v + 112, 3*k - 119 = -2*v. Calculate the greatest common divisor of 26 and k.
13
Suppose -3*c = 3*d - 69, -5*c - 4*d + 17 = -99. What is the highest common factor of 192 and c?
24
Let h = -57 - -63. What is the highest common factor of h and 4?
2
Let g be 6/(-12)*(-46)/1. Suppose -5*i = -2*f + g, f + 2*i - 2 = -f. Calculate the greatest common divisor of 6 and f.
2
Suppose 40 - 200 = -3*s + 5*q, q = -4*s + 244. What is the greatest common factor of 6 and s?
6
Let q be (94/(-8))/(2/16). Let v = -45 - q. Let x(u) = -u**3 + u + 1. Let m be x(-2). Calculate the greatest common factor of v and m.
7
Suppose -12 = -u + 13. What is the greatest common factor of 10 and u?
5
Let n = -8 - -7. Let z = 6 + n. Suppose -4*g + 2 = w - 3, z*w = -g + 63. What is the highest common factor of w and 143?
13
Let x = 207 - 117. Calculate the greatest common factor of 135 and x.
45
Suppose -2*h - p + 3 = 0, -4*p - 8 = 3*h - 0*p. Suppose 0 = h*m + y - 44, -3*m + y + 14 + 12 = 0. What is the highest common factor of m and 90?
10
Let n(l) = 9*l - 9. Let v(i) = 10*i - 10. Let c(b) = 4*n(b) - 3*v(b). Let u be c(4). Calculate the highest common divisor of 2 and u.
2
Suppose 0 = 2*g + 6 - 34. What is the highest common divisor of 154 and g?
14
Suppose 0 = 5*t + 302 - 7. Let g = 356 + t. Calculate the greatest common factor of g and 27.
27
Suppose w + 0*w - 20 = 0. Let m be ((-755)/w)/(1/(-4)). Suppose m = x - 3*f, 5*f = x - 5*x + 621. What is the greatest common divisor of 14 and x?
14
Let b be 1 - 1 - (-38 - 2). Let y = -11 + 21. What is the highest common factor of b and y?
10
Let r(d) = d**2 + 2*d - 3. Let w be r(2). Suppose -3*g + 130 = -2*s, 0 = 2*g - 0*g + 3*s - 65. What is the greatest common divisor of g and w?
5
Suppose -2*o + 3 + 371 = 0. Let z = o + -127. Suppose 3*y + y - 48 = 0. What is the greatest common divisor of z and y?
12
Suppose -2*a = a - 15. Let j = a + -5. Suppose -r + j + 6 = 0. What is the highest common divisor of 6 and r?
6
Let k be 12/((0 - -1) + 1). Let m be 4/k - 375/9. Let y = 3 - m. What is the highest common divisor of 11 and y?
11
Let o(q) = 5*q + 1. Let k be o(3). What is the highest common factor of 24 and k?
8
Suppose -2*x + 6 + 2 = i, -4*x + 4*i = -4. Suppose 2*m + 2*m - 16 = 0. Suppose -m = -g - g. Calculate the highest common divisor of g and x.
1
Let i be (6/(-3))/((-2)/3). Let w be -1*(-1)/(i - 2). Calculate the highest common divisor of 1 and w.
1
Let b be (-375)/(-5) + 0 + 0. Suppose -2*y + 27 + b = 0. What is the highest common divisor of y and 34?
17
Let o = 38 + -8. Let r be 2/(0 + 4/750). Suppose -w = 4*w - r. What is the greatest common divisor of o and w?
15
Let s = 5 + -9. Let y be ((-10)/(-2))/(s/4). Let o = y - -21. What is the greatest common factor of o and 112?
16
Let j = 88 + -63. Let h be 7 + (-25)/10*12/(-10). What is the greatest common divisor of h and j?
5
Suppose w - 7 - 5 = 0. Suppose -p - p = w. Let j = p + 14. What is the highest common divisor of j and 48?
8
Let z = -123 - -243. What is the highest common divisor of z and 48?
24
Suppose 3*z + 3*i = 0, -12 = -z - i - 3*i. Let h = z - -12. Calculate the greatest common factor of h and 16.
8
Let f(t) = t**2 - 4*t + 2. Let p be f(2). Let m be 1/3 - p/3. Suppose 5*d - r - 42 = 0, -r + 6 = -4*r. Calculate the highest common divisor of m and d.
1
Let f(b) = -b**3 - 3*b**2 - 4*b + 7. Let q be f(-4). Suppose 3*v - 26 = v. Calculate the greatest common divisor of q and v.
13
Let f = 2 - -5. Suppose 2 - 4 = -c. Suppose -c*q - 42 = -5*q. Calculate the highest common factor of q and f.
7
Let k(u) = -u**2 + 9*u + 4. Let i be -3 + 0 + 2 - -8. Let n be k(i). Suppose 0 = -0*m - 8*m + 216. Calculate the greatest common divisor of m and n.
9
Suppose -3*h - q = -10 - 41, -2*h + 2*q = -34. Calculate the greatest common factor of h and 187.
17
Let j = -210 + 402. Calculate the highest common divisor of j and 12.
12
Suppose -3*w + 3 = -12. Suppose 0 = 3*j - 2 - 4. Calculate the highest common divisor of w and j.
1
Suppose p - 3*r = -5*r + 10, 2*p - 14 = -2*r. Suppose -2*z = -o - 72, -2*z = -5*o - p - 68. What is the highest common factor of z and 18?
18
Let o(a) = -8*a + 1. Let v be o(-8). Let f = v - 35. Calculate the greatest common divisor of f and 10.
10
Suppose 2*z - 5*f = 20, 16 = 3*z - 5*f - 4. Suppose l + z*l = 11. Calculate the greatest common factor of l and 88.
11
Suppose 0 = o - 5, -3*h - h + 121 = -3*o. What is the greatest common divisor of h and 17?
17
Let b be 14/49 - (-1662)/14. What is the highest common divisor of 17 and b?
17
Let o be (1*2)/(12/30). Suppose 0 = o*d - 116 + 6. What is the highest common divisor of 11 and d?
11
Suppose 0*a = -a + 20. Let y = 18 + a. Suppose 3*u - y = 7. Calculate the highest common divisor of 75 and u.
15
Let i(w) = -23*w**2 + 6*w - 7 + 4*w**3 + 31*w**2 - 3*w**3. Let b be i(-6). What is the highest common divisor of b and 58?
29
Suppose -132 = 2*b - 4*b. Suppose b = 2*c - 24. Suppose 4*z - 25 = -z. Calculate the highest common factor of z and c.
5
Let f = -111 - -255. Calculate the greatest common factor of 36 and f.
36
Suppose n = 36 + 124. Let f = 77 - 57. Calculate the greatest common factor of f and n.
20
Suppose -13*r + 18*r - 150 = 0. Calculate the greatest common factor of 50 and r.
10
Let j = 18 + 35. Calculate the greatest common divisor of 371 and j.
53
Let j be (-16)/(-2) + 1 + 1. Let f = 33 - 18. What is the greatest common factor of f and j?
5
Suppose -3*b + u = -6*b - 432, 0 = 2*b - 